(base 14) to base 10
116910
What is -403401241 (base 5) in base 2?
-110001100000000110111
Convert efc0d (base 16) to base 10.
982029
Convert 100111000000010010110111 (base 2) to base 7.
152623660
Convert -201130220 (base 4) to base 11.
-93a26
-815362 (base 11) to base 9
-2416145
-123aa24 (base 11) to base 16
-20d6c4
Convert 2876416 (base 9) to base 12.
645936
Convert -144c1 (base 13) to base 2.
-1001010100100110
Convert -1011240 (base 6) to base 11.
-33297
-164841 (base 9) to base 14
-2926c
Convert -3421558 (base 9) to base 3.
-10110201121222
Convert -4dca4 (base 16) to base 2.
-1001101110010100100
Convert 6720458 (base 9) to base 13.
997856
What is -649e4 (base 16) in base 4?
-1210213210
10101001011110000111111 (base 2) to base 16
54bc3f
Convert -1576521 (base 8) to base 11.
-293173
Convert -20101200220 (base 3) to base 8.
-365712
1001201011210 (base 3) to base 9
1051153
-12153034 (base 6) to base 13
-1078b7
What is 132321113 (base 4) in base 14?
34195
What is -5521115 (base 6) in base 13?
-98240
Convert 76cb6 (base 14) to base 8.
1062220
1676b3 (base 12) to base 11
2442a1
Convert 15143042 (base 7) to base 2.
101011111011000011010
What is -100111100001000011 (base 2) in base 7?
-1242615
2ab113 (base 14) to base 9
2721153
Convert 440313 (base 7) to base 2.
10010110010111101
Convert 1020221010011 (base 3) to base 4.
2203003021
63129 (base 11) to base 3
11200012002
10001011000010100011 (base 2) to base 11
359974
What is -8cde (base 15) in base 11?
-20520
What is 105672 (base 15) in base 2?
10111101110111101011
2021111110200 (base 3) to base 12
4a4616
Convert 1756a0 (base 13) to base 4.
2032122311
-1606173 (base 9) to base 7
-10365333
121301021 (base 4) to base 2
11001110001001001
Convert -698c9a (base 13) to base 2.
-1001100011011101011010
What is 8a6de (base 15) in base 16?
6b7f5
Convert 88967b (base 12) to base 9.
4071775
182466 (base 12) to base 3
210021112020
What is 21102423 (base 5) in base 2?
101010110100000011
What is 200201220202010 (base 3) in base 2?
100101111111001001000010
What is 110001100000100001 (base 2) in base 10?
202785
What is -1010111101110110 (base 2) in base 5?
-2414133
What is -1302076 (base 8) in base 10?
-361534
e7638e (base 16) to base 13
31ac37a
What is 113333011232 (base 4) in base 2?
10111111111000101101110
Convert 62860 (base 11) to base 12.
44b86
What is -357601 (base 8) in base 16?
-1df81
-64526 (base 9) to base 16
-a6d7
-2251125 (base 8) to base 15
-c101b
What is 138807 (base 12) in base 8?
1174607
Convert -5c1f08 (base 16) to base 6.
-333222132
103203030 (base 4) to base 14
2127a
What is -85b84 (base 15) in base 3?
-210120021021
1010110101100001 (base 2) to base 4
22311201
Convert 140419 (base 10) to base 13.
4bbb6
-1468a (base 12) to base 2
-110111111001010
Convert 2223223 (base 6) to base 5.
12042231
Convert -26773071 (base 8) to base 14.
-b2c505
Convert ac1c (base 14) to base 13.
10759
Convert -506 (base 14) to base 11.
-817
Convert -a1781 (base 16) to base 9.
-1217213
What is 2320034200 (base 5) in base 8?
23764100
What is -1224001 (base 7) in base 12?
-7713a
What is b11172 (base 13) in base 7?
46656536
Convert 4ec50 (base 15) to base 2.
111101101001101101
47684ba (base 12) to base 7
225336205
-3164135 (base 12) to base 4
-203213312321
What is -83690 (base 11) in base 6?
-2340322
What is -16152366 (base 7) in base 10?
-1559130
What is 369c06 (base 16) in base 10?
3578886
-110010101010010000001 (base 2) to base 15
-22bcdd
What is 21111002222 (base 3) in base 11?
a0774
What is 31ca83 (base 16) in base 10?
3263107
What is 2a4260 (base 12) in base 2?
10101101111001101000
442402 (base 11) to base 4
2230111330
-62154 (base 10) to base 2
-1111001011001010
-3410553 (base 9) to base 15
-2646c3
What is -1036605 (base 8) in base 12?
-114999
Convert -8504365 (base 11) to base 8.
-71120515
What is 118760 (base 9) in base 14?
1c395
What is 120012201100222 (base 3) in base 4?
132311222312
What is -17d02 (base 16) in base 5?
-11110123
What is -1143021522 (base 6) in base 8?
-61525572
-1110100010101010010 (base 2) to base 6
-14114002
What is 13020100 (base 4) in base 3?
1111001111
53561 (base 9) to base 6
432044
Convert -23ca80c (base 13) to base 3.
-202221122101012
Convert 349617 (base 16) to base 14.
659d1d
What is 11cdb (base 15) in base 8?
157112
54e3f (base 16) to base 4
1110320333
What is -733070 (base 8) in base 4?
-323120320
Convert 3314324 (base 7) to base 13.
113513
-1516661 (base 8) to base 14
-b4025
What is -1721242 (base 8) in base 7?
-4152565
-110521210 (base 6) to base 13
-550c17
Convert 320241430 (base 5) to base 15.
1b62b0
286955 (base 11) to base 15
8ccb0
Convert 335104 (base 13) to base 14.
237320
Convert -523003 (base 7) to base 11.
-6157a
What is 96d2d (base 15) in base 6?
14132511
-111564453 (base 7) to base 13
-1543b57
What is 730d (base 14) in base 2?
100110101100001
Convert 6680a4 (base 12) to base 2.
110001110010001111100
Convert 2a107 (base 16) to base 10.
172295
What is -82de0 (base 15) in base 11?
-263789
What is 10101101001101111001 (base 2) in base 12?
2a2709
What is -6734883 (base 9) in base 13?
-99c171
217125 (base 10) to base 14
591ad
What is -32309 (base 10) in base 4?
-13320311
-55aa4 (base 13) to base 11
-a6a08
What is -8624020 (base 9) in base 7?
-54166602
Convert 1111111100000111101 (base 2) to base 5.
113203201
300321312 (base 4) to base 12
97b06
-7203bc (base 15) to base 13
-1178c73
-31cba (base 14) to base 4
-131122330
Convert 1103030111 (base 4) to base 6.
11145325
Convert 5383c (base 14) to base 7.
1500505
What is -24660333 (base 7) in base 8?
-10411415
2321626 (base 7) to base 13
a26c4
Convert -1532277 (base 8) to base 6.
-13230355
-1af49 (base 16) to base 13
-3b340
What is -2211657 (base 8) in base 13?
-17a9b9
Convert 1011001000110111011 (base 2) to base 13.
ca18c
Convert -3135e8 (base 15) to base 2.
-1000111011010101111010
What is 377450 (base 10) in base 8?
1341152
112055 (base 14) to base 15
b75bd
a074b (base 15) to base 14
d3144
What is 540 (base 16) in base 4?
111000
8c442d (base 15) to base 5
3203300233
What is 1234231440 (base 5) in base 4?
23212012010
What is 160b38 (base 12) in base 8?
1334134
702627 (base 14) to base 8
16306113
Convert -17839 (base 10) to base 3.
-220110201
What is 22466076 (base 8) in base 11?
2831497
3148977 (base 12) to base 14
1343027
8a87c9 (base 13) to base 12
111b226
What is -2238407 (base 9) in base 15?
-18c8a1
3031230001 (base 4) to base 15
119967
What is 434535 (base 6) in base 5?
2123214
Convert -25045635 (base 8) to base 10.
-5524381
-820b0 (base 15) to base 9
-687033
What is -2231231032 (base 4) in base 8?
-2555516
Convert -12637746 (base 9) to base 15.
-82e910
What is 3552181 (base 9) in base 15?
28010a
What is -74077244 (base 8) in base 9?
-32582088
-52605 (base 10) to base 8
-146575
What is 8024a1 (base 14) in base 3?
22002220211210
Convert 52d486 (base 14) to base 15.
3a55a1
What is 3205253 (base 6) in base 15?
31670
Convert -1a5a576 (base 11) to base 13.
-946133
What is -154c2 (base 14) in base 13?
-1b21b
Convert -17352622 (base 8) to base 7.
-46305330
Convert 3433021221 (base 5) to base 15.
a22c76
-42b705 (base 12) to base 9
-1880615
Convert 8b09b (base 12) to base 7.
1400255
What is -de5b3 (base 15) in base 16?
-ac86c
What is 211221020 (base 3) in base 10?
16719
What is -210012110011010 (base 3) in base 15?
-ec87e0
-213522350 (base 7) to base 11
-724a743
Convert 18ca370 (base 13) to base 10.
8162453
What is 1085c (base 15) in base 11?
364a9
Convert 375beb (base 15) to base 4.
22013132213
-2127103 (base 8) to base 9
-1056340
What is 1767a (base 13) in base 7?
245233
Convert 241517 (base 12) to base 11.
369089
Convert 502501 (base 8) to base 16.
28541
What is 2081782 (base 9) in base 2?
100010000101001000100
What is 1cd98 (base 14) in base 8?
220452
1a6461 (base 11) to base 5
40102443
What is 1b1022 (base 15) in base 9?
2431205
Convert -75158 (base 11) to base 8.
-325416
What is 527406 (base 10) in base 3?
222210110120
-1185a (base 11) to base 2
-100001001101101
What is -964664 (base 11) in base 7?
-16055532
What is -742c47 (base 14) in base 5?
-2001120320
Convert 1102112121 (base 4) to base 8.
1222631
What is 25542 (base 7) in base 14?
2692
124400312 (base 5) to base 7
5200200
1285161 (base 9) to base 14
14530c
Convert 22475513